e prime factors of 163441.
137, 1193
List the prime factors of 41467.
41467
What are the prime factors of 3686411?
3686411
List the prime factors of 205011.
3, 2531
What are the prime factors of 11826646?
2, 13, 23, 19777
List the prime factors of 3469786.
2, 37, 46889
List the prime factors of 30682.
2, 23, 29
List the prime factors of 3345172.
2, 701, 1193
What are the prime factors of 855318?
2, 3, 142553
What are the prime factors of 12104315?
5, 2420863
What are the prime factors of 1959207?
3, 659, 991
What are the prime factors of 193080?
2, 3, 5, 1609
What are the prime factors of 2229164?
2, 7, 79613
What are the prime factors of 6199749?
3, 688861
What are the prime factors of 9736220?
2, 5, 13, 37447
List the prime factors of 31274.
2, 19, 823
List the prime factors of 1734029.
11, 157639
List the prime factors of 40312.
2, 5039
What are the prime factors of 260502?
2, 3, 11, 3947
List the prime factors of 29224301.
1721, 16981
List the prime factors of 326940.
2, 3, 5, 5449
What are the prime factors of 8567770?
2, 5, 41, 20897
List the prime factors of 763690.
2, 5, 76369
What are the prime factors of 29256624?
2, 3, 137, 1483
List the prime factors of 28610453.
1217, 23509
List the prime factors of 2852834.
2, 107, 13331
List the prime factors of 404201.
7, 73, 113
List the prime factors of 31982605.
5, 19, 61, 5519
What are the prime factors of 158116?
2, 7, 5647
List the prime factors of 174088.
2, 47, 463
List the prime factors of 1250362.
2, 625181
List the prime factors of 10726536.
2, 3, 107, 4177
What are the prime factors of 552713?
7, 23, 3433
What are the prime factors of 49593?
3, 61, 271
What are the prime factors of 369032?
2, 163, 283
What are the prime factors of 375492?
2, 3, 13, 29, 83
What are the prime factors of 108368?
2, 13, 521
What are the prime factors of 1094007?
3, 364669
List the prime factors of 15857572.
2, 3964393
List the prime factors of 4345800.
2, 3, 5, 7243
What are the prime factors of 266340?
2, 3, 5, 23, 193
List the prime factors of 118501.
163, 727
What are the prime factors of 506220?
2, 3, 5, 11, 13, 59
What are the prime factors of 1523289?
3, 397, 1279
What are the prime factors of 2728770?
2, 3, 5, 11, 8269
List the prime factors of 3387945.
3, 5, 11, 20533
List the prime factors of 277165.
5, 7, 7919
List the prime factors of 11827455.
3, 5, 788497
What are the prime factors of 96005?
5, 7, 13, 211
What are the prime factors of 1039445?
5, 11, 18899
List the prime factors of 661998.
2, 3, 19, 5807
List the prime factors of 7553955.
3, 5, 139, 3623
What are the prime factors of 162006?
2, 3, 13, 31, 67
List the prime factors of 4304053.
13, 331081
What are the prime factors of 3356?
2, 839
List the prime factors of 179615.
5, 35923
List the prime factors of 439683.
3, 113, 1297
What are the prime factors of 16008207?
3, 23, 232003
What are the prime factors of 19345983?
3, 17, 379333
List the prime factors of 385406.
2, 7, 27529
What are the prime factors of 154928?
2, 23, 421
List the prime factors of 596547.
3, 7, 17, 557
What are the prime factors of 106685?
5, 19, 1123
What are the prime factors of 5825007?
3, 443, 487
List the prime factors of 321021.
3, 53, 673
List the prime factors of 20274590.
2, 5, 7, 289637
List the prime factors of 5506775.
5, 23, 61, 157
What are the prime factors of 29929?
173
List the prime factors of 325829.
7, 89, 523
What are the prime factors of 25382414?
2, 67, 189421
List the prime factors of 156768.
2, 3, 23, 71
What are the prime factors of 1237?
1237
List the prime factors of 51661.
19, 2719
What are the prime factors of 311191?
43, 7237
List the prime factors of 286929.
3, 10627
What are the prime factors of 73037?
73037
What are the prime factors of 3273061?
11, 17, 23, 761
What are the prime factors of 265646?
2, 317, 419
List the prime factors of 2666621.
491, 5431
List the prime factors of 57604.
2, 14401
What are the prime factors of 286296?
2, 3, 79, 151
What are the prime factors of 207048?
2, 3, 8627
List the prime factors of 495917.
613, 809
What are the prime factors of 3730220?
2, 5, 13, 14347
What are the prime factors of 166927?
79, 2113
What are the prime factors of 10386561?
3, 3462187
List the prime factors of 236039.
193, 1223
List the prime factors of 270526.
2, 23, 5881
What are the prime factors of 205576?
2, 7, 3671
What are the prime factors of 3456575?
5, 19, 383
List the prime factors of 353380.
2, 5, 17669
What are the prime factors of 2079546?
2, 3, 7, 67, 739
List the prime factors of 2916060.
2, 3, 5, 7, 53, 131
List the prime factors of 189561.
3, 179, 353
What are the prime factors of 6578594?
2, 11, 299027
List the prime factors of 402025.
5, 13, 1237
List the prime factors of 679306.
2, 339653
What are the prime factors of 14809598?
2, 1783, 4153
List the prime factors of 486234.
2, 3, 7, 17, 227
What are the prime factors of 4657972?
2, 11, 105863
What are the prime factors of 7978441?
7978441
What are the prime factors of 114895?
5, 11, 2089
List the prime factors of 2129415.
3, 5, 141961
List the prime factors of 182103.
3, 101, 601
List the prime factors of 62856.
2, 3, 97
What are the prime factors of 808812?
2, 3, 7489
List the prime factors of 3393956.
2, 848489
List the prime factors of 1279237.
23, 55619
List the prime factors of 4808042.
2, 17, 141413
List the prime factors of 183550.
2, 5, 3671
List the prime factors of 2967947.
29, 53, 1931
What are the prime factors of 1511766?
2, 3, 83987
List the prime factors of 167793.
3, 55931
What are the prime factors of 1015240?
2, 5, 17, 1493
List the prime factors of 197098.
2, 11, 17, 31
List the prime factors of 15361920.
2, 3, 5, 7, 127
List the prime factors of 2551708.
2, 241, 2647
What are the prime factors of 12894483?
3, 7, 17, 19, 1901
List the prime factors of 5740906.
2, 2870453
List the prime factors of 2901216.
2, 3, 47, 643
List the prime factors of 1220971.
479, 2549
What are the prime factors of 461962?
2, 31, 7451
List the prime factors of 15453224.
2, 47, 73, 563
What are the prime factors of 3246722?
2, 1623361
List the prime factors of 6468395.
5, 193, 6703
List the prime factors of 6990494.
2, 7, 499321
What are the prime factors of 2579498?
2, 1289749
List the prime factors of 7483270.
2, 5, 167, 4481
What are the prime factors of 1057689?
3, 17, 31, 223
List the prime factors of 578861.
578861
What are the prime factors of 198515?
5, 39703
What are the prime factors of 4629088?
2, 144659
What are the prime factors of 215844?
2, 3, 17987
What are the prime factors of 1277199?
3, 7, 11, 19, 97
List the prime factors of 26829350.
2, 5, 29, 18503
What are the prime factors of 26867136?
2, 3, 41, 3413
List the prime factors of 4014281.
4014281
List the prime factors of 757420.
2, 5, 37871
What are the prime factors of 1568595?
3, 5, 7, 14939
List the prime factors of 3046791.
3, 11, 17, 5431
List the prime factors of 644408.
2, 109, 739
What are the prime factors of 1380806?
2, 7, 19, 29, 179
What are the prime factors of 22569794?
2, 13, 868069
List the prime factors of 3780343.
7, 509, 1061
List the prime factors of 673692.
2, 3, 31, 1811
List the prime factors of 689422.
2, 61, 5651
What are the prime factors of 105803?
31, 3413
What are the prime factors of 1462881?
3, 7, 69661
List the prime factors of 308338.
2, 23, 6703
List the prime factors of 651553.
7, 13297
What are the prime factors of 497197?
497197
What are the prime factors of 383830?
2, 5, 131, 293
What are the prime factors of 752585?
5, 150517
List the prime factors of 3689797.
3689797
List the prime factors of 33521.
33521
List the prime factors of 324044.
2, 7, 71, 163
What are the prime factors of 129500?
2, 5, 7, 37
List the prime factors of 2180442.
2, 3, 11, 33037
List the prime factors of 1103357.
151, 7307
What are the prime factors of 739816?
2, 7, 11, 1201
List the prime factors of 5100707.
113, 45139
List the prime factors of 15639432.
2, 3, 19, 34297
What are the prime factors of 2444305?
5, 488861
What are the prime factors of 15699023?
41, 71, 5393
What are the prime factors of 3591929?
11, 326539
List the prime factors of 10891583.
10891583
What are the prime factors of 481388?
2, 151, 797
What are the prime factors of 36676?
2, 53, 173
List the prim